.
62
What is the highest common divisor of 13779341 and 8?
1
Calculate the highest common divisor of 20368 and 2376691.
1273
Calculate the greatest common divisor of 175266 and 279097.
91
Calculate the greatest common factor of 100676 and 256.
4
What is the greatest common divisor of 39156193 and 155?
31
What is the highest common divisor of 11 and 1020876659?
11
Calculate the greatest common divisor of 26083725 and 18975.
1725
What is the highest common divisor of 314112249 and 10890?
1089
What is the greatest common factor of 1740135188 and 7172?
7172
What is the highest common factor of 1992 and 138561528?
1992
Calculate the highest common divisor of 1448544 and 43548.
2292
What is the greatest common divisor of 38106 and 30222?
1314
What is the highest common divisor of 1282615 and 4260?
355
Calculate the highest common divisor of 620496 and 1618794.
2502
What is the greatest common divisor of 9891968 and 43249?
709
What is the greatest common factor of 1683026 and 32732?
334
What is the highest common factor of 13750 and 326875?
625
Calculate the highest common factor of 2136 and 17273496.
24
What is the highest common factor of 1313309 and 332?
83
What is the greatest common divisor of 398175326 and 34?
34
Calculate the greatest common factor of 2599786 and 1554.
14
Calculate the greatest common divisor of 977284 and 67802.
2338
What is the greatest common factor of 273 and 23238516?
21
Calculate the greatest common divisor of 178650 and 1373223.
1191
Calculate the highest common divisor of 88053 and 306348.
147
Calculate the highest common factor of 6541480 and 360.
40
What is the greatest common factor of 25 and 2479355?
5
What is the greatest common factor of 5649468 and 1716?
132
What is the highest common factor of 62401825 and 25?
25
What is the greatest common factor of 2020 and 14793268?
404
Calculate the highest common factor of 3332 and 160916.
196
What is the highest common factor of 4754672181 and 63?
63
Calculate the highest common factor of 10535 and 2145710.
245
What is the greatest common divisor of 108420038 and 72406?
1766
Calculate the greatest common factor of 1164872 and 203.
29
What is the greatest common divisor of 17193799 and 4179?
1393
Calculate the highest common factor of 46526475 and 30.
15
What is the highest common factor of 32256 and 29408064?
1344
Calculate the greatest common factor of 1929 and 497988068.
643
What is the highest common divisor of 643487 and 247?
13
Calculate the highest common factor of 58996635 and 120.
15
Calculate the greatest common divisor of 4522 and 2370592.
266
What is the greatest common divisor of 1985850 and 126?
18
Calculate the highest common divisor of 689152 and 11392.
128
Calculate the highest common divisor of 263741673 and 39.
39
What is the highest common divisor of 1204 and 508129538?
602
Calculate the greatest common divisor of 1098 and 30933222.
366
What is the greatest common factor of 8248656 and 18512?
208
Calculate the greatest common divisor of 56595 and 82.
1
What is the greatest common factor of 679195146 and 42?
42
Calculate the greatest common factor of 11397 and 14567019.
87
What is the greatest common divisor of 15 and 258105?
15
Calculate the greatest common factor of 1053040 and 1360.
80
Calculate the highest common divisor of 233966 and 8092366.
1786
Calculate the greatest common divisor of 188281197 and 102672.
6417
What is the greatest common divisor of 3009088 and 1216?
64
What is the greatest common factor of 13464 and 107910?
198
What is the greatest common factor of 7768815 and 120?
15
Calculate the greatest common divisor of 9752514 and 12.
6
Calculate the greatest common factor of 1397 and 53823108.
127
What is the highest common factor of 54346 and 2320?
58
Calculate the greatest common divisor of 1155 and 7408155.
15
What is the greatest common divisor of 520 and 14498185?
65
Calculate the greatest common divisor of 64 and 3101960.
8
What is the greatest common factor of 1665924 and 19548?
2172
What is the highest common divisor of 3748038 and 18174?
1398
What is the greatest common divisor of 5405 and 75821105?
235
Calculate the highest common factor of 657 and 13787729.
73
What is the greatest common divisor of 70940 and 1535851?
3547
What is the highest common factor of 118395 and 10256515?
4385
Calculate the highest common divisor of 277 and 91229119.
277
What is the highest common divisor of 826173 and 271728?
999
Calculate the highest common divisor of 100 and 16745775.
25
Calculate the highest common divisor of 67504 and 15487949.
4219
Calculate the greatest common divisor of 32 and 176803216.
16
What is the greatest common factor of 59600 and 660070?
1490
Calculate the highest common factor of 43648232 and 20688.
3448
What is the highest common divisor of 3434 and 398956?
34
Calculate the greatest common divisor of 9545064 and 26304.
3288
What is the greatest common factor of 1012 and 630901799?
253
Calculate the highest common divisor of 109711 and 502691.
49
Calculate the highest common factor of 30667 and 65009659.
4381
What is the highest common factor of 5460104 and 14248?
104
What is the highest common factor of 21291 and 2592519?
453
What is the highest common factor of 509518 and 211118?
746
What is the highest common factor of 111988942 and 19006?
1118
What is the greatest common factor of 267155 and 188131?
449
What is the greatest common divisor of 193239355 and 831?
277
Calculate the highest common divisor of 30 and 6565755.
15
What is the greatest common factor of 365244 and 51180?
12
Calculate the greatest common factor of 5661 and 349169.
37
Calculate the greatest common factor of 2067 and 557382927.
159
What is the greatest common divisor of 810 and 185030?
10
What is the greatest common factor of 30054343 and 121?
121
What is the highest common factor of 41 and 30983?
1
What is the highest common factor of 188 and 15037838?
94
Calculate the highest common factor of 27020419 and 398.
199
Calculate the highest common factor of 540 and 8435835.
45
Calculate the highest common divisor of 1325808 and 8724.
12
Calculate the highest common divisor of 196921 and 135419.
191
Calculate the highest common factor of 1738 and 11712382.
1738
Calculate the highest common divisor of 14767746 and 20545.
4109
What is the highest common factor of 2110839 and 459?
51
What is the highest common factor of 15428 and 2424400?
2204
What is the greatest common factor of 14261 and 2548?
13
Calculate the greatest common factor of 21894 and 510148.
178
What is the highest common divisor of 9639 and 1074451?
119
What is the highest common factor of 89644086 and 7074?
2358
Calculate the highest common divisor of 42165 and 2062815.
15
Calculate the highest common factor of 1415760 and 1536.
48
What is the highest common divisor of 2 and 87379702?
2
What is the highest common divisor of 90 and 731962620?
90
Calculate the greatest common divisor of 239190564 and 48.
12
What is the greatest common factor of 14291015 and 2435?
2435
Calculate the greatest common divisor of 8908800 and 300.
300
Calculate the greatest common divisor of 15 and 151337589.
3
What is the greatest common factor of 405 and 725193?
81
Calculate the highest common divisor of 192 and 78901872.
48
Calculate the highest common divisor of 5882760 and 1480.
40
Calculate the highest common divisor of 103917034 and 29.
29
What is the greatest common factor of 71568 and 830592?
1008
What is the highest common divisor of 4568 and 1000?
8
Calculate the greatest common factor of 68721492 and 7.
7
What is the highest common factor of 36680 and 30051?
7
What is the greatest common divisor of 195 and 983040?
15
Calculate the highest common factor of 158104 and 11192.
8
Calculate the highest common divisor of 2148164024 and 9769.
9769
What is the greatest common divisor of 44 and 593457194?
22
What is the greatest common factor of 60048 and 381138?
834
Calculate the highest common divisor of 3390 and 36501260.
1130
What is the greatest common factor of 12312 and 1006487?
19
Calculate the highest common factor of 1242 and 45579054.
138
Calculate the highest common factor of 1536288069 and 25062.
12531
Calculate the greatest common divisor of 3952 and 92378.
494
What is the highest common div